highest common factor of v and 4?
2
Let i(w) = 4*w**2 + 5*w - 4. Let c be i(4). Calculate the highest common divisor of c and 5.
5
Let i(y) = 4*y**3 - y**2 - y + 3. Let q be i(2). What is the highest common divisor of 58 and q?
29
Let l be (4 + 0)*(-9)/(-12). Let a(t) = -t**3 - 3*t**2 + 3*t - 1. Let p be a(-4). Let d = l + p. What is the greatest common divisor of d and 15?
3
Let b(f) = -f**2 + 7*f + 7. Let k be b(6). Let n(c) = -c**2 + 14*c. Let x be n(k). Calculate the greatest common divisor of 39 and x.
13
Let c(z) = z**2 - 8*z - 2. Let t be c(9). Calculate the highest common factor of t and 35.
7
Let p = -3 + 1. Let j be (-6 + 3)*p/3. What is the greatest common factor of j and 18?
2
Let k(d) = d**2. Let p be k(-4). What is the greatest common factor of p and 40?
8
Suppose 78 = 4*p + 46. Suppose -3*y + 6 = -2*y - 5*c, -4 = y + 5*c. What is the greatest common divisor of y and p?
1
Let n be -6 + 2 - 0/(-2). Let q(f) = -5*f - 2. Let c be q(n). Let h = 5 - -4. What is the greatest common factor of h and c?
9
Let f(m) = -5*m + 14 - m + 5*m. Let v be f(10). Suppose v*r - r - 660 = 0. Calculate the greatest common divisor of 20 and r.
20
Suppose -3*k + k + 368 = 0. Calculate the highest common divisor of 8 and k.
8
Suppose -3 - 1 = -2*o. Suppose 0 = o*g + g. Suppose 0 = -2*r + w + 36, g*r + 5*w = 4*r - 72. What is the highest common divisor of 9 and r?
9
Let o be ((-50)/(-15))/((-1)/(-12)). Suppose -2*l - 2*l = -16. Suppose l*p - 67 = k, -3*k - 4 = 5. Calculate the greatest common factor of p and o.
8
Suppose 3*k = -3*o + 33, 5*o - 2*o + 2*k = 33. Suppose 0 = -r + 5 - 3. Suppose 7*t = r*t + 440. Calculate the highest common factor of t and o.
11
Suppose -y = 4*c + 14, -2*y + 0*y = 2*c + 4. Suppose -6 = -3*p, -2*r - 2 = -4*p + 2. Calculate the greatest common factor of r and y.
2
Let y(h) = 4*h - 25. Let w be y(7). Let l(f) = f**3 - 8*f**2 + 3*f - 3. Let i be l(8). What is the highest common factor of i and w?
3
Let o = 1 - 2. Let z be o + (-1 - -10) + -3. Let i(p) = 36*p - 1. Let b be i(1). Calculate the greatest common divisor of b and z.
5
Let x(v) = -10*v - 10. Let h be x(-6). Suppose 3*w + 3*a = 378, -w = w + 5*a - 255. What is the greatest common divisor of w and h?
25
Let q = -18 - -19. Let y be q*(11 - -4)/1. Calculate the greatest common divisor of y and 165.
15
Let g(m) be the first derivative of 61*m**4/2 - 2*m**3/3 - m**2/2 + 2*m - 1. Let p be g(1). What is the highest common factor of p and 11?
11
Let z be -33*(3 + -1 + -3). Suppose -5*t + z = -4*x, -3*t - 3*x = -4*t. Calculate the highest common divisor of 63 and t.
9
Let f(r) = -29*r + 7. Let l be 1/(-2)*(16 + -6). Let s be f(l). Calculate the greatest common factor of 19 and s.
19
Let q = 8 - 10. Let f(m) = -4*m + 1. Let l be f(q). What is the highest common divisor of 9 and l?
9
Let g be (-6)/((-3)/12*3). Let b = 28 + -728. Let m be (12/(-10))/(15/b). Calculate the greatest common factor of g and m.
8
Let j(n) = n**3 - 12*n**2 + 13*n - 15. Let a be j(11). Let v = a + 3. Calculate the greatest common divisor of 30 and v.
10
Suppose -3*g = 3*g - 42. Calculate the greatest common factor of 7 and g.
7
Suppose 33*x = 31*x + 16. Calculate the highest common factor of 64 and x.
8
Let l be ((-37)/5)/((-2)/10). Calculate the greatest common divisor of l and 185.
37
Let t(g) = -g + 13. Let a be t(9). Calculate the greatest common factor of a and 4.
4
Let p = -19 + 102. Let m = p + -27. What is the greatest common factor of m and 14?
14
Let n(r) = r**3 - 5*r - 4. Let y be n(3). What is the greatest common factor of 4 and y?
4
Let j(p) = 17*p - 1. Let l be j(1). Let r be 11/6 - 1/(-6). Suppose r*k - 2 = 30. Calculate the greatest common divisor of l and k.
16
Let r be 702/(-36)*(-8)/6. Calculate the highest common divisor of 91 and r.
13
Suppose -5*u - 3*z + 110 = 2*z, -12 = -3*z. What is the greatest common factor of 2 and u?
2
Suppose -23 = -3*d - 0*l - 4*l, d = -3*l + 1. What is the highest common divisor of 13 and d?
13
Suppose -3*l = -48 - 6. Suppose 4*f = 15 - 3. Calculate the greatest common factor of l and f.
3
Suppose t - 29 = -5*c, 5*t - 11 = -3*c + 2. Let g be 3/(c/16 - 0). Let n(j) = 3*j**2 + 9*j + 2. Let o be n(-6). What is the highest common factor of g and o?
8
Suppose r = -7 + 47. Let g(l) be the second derivative of l**3 - l**2 - 4*l. Let q be g(2). What is the greatest common divisor of r and q?
10
Suppose -38 - 18 = -f. What is the highest common divisor of f and 14?
14
Let k(q) = q**2 - 13*q + 14. Let t be k(13). Calculate the highest common factor of 70 and t.
14
Let b be 30/4*(-80)/(-12). Calculate the highest common factor of 20 and b.
10
Let f be 3 - (-4)/(16/108). What is the greatest common divisor of 10 and f?
10
Suppose 0 - 2 = -2*x. Let o be ((-10)/8 + x)*-20. What is the highest common divisor of 20 and o?
5
Suppose -2*v - v + 163 = 2*t, 5*v + 3*t = 272. Calculate the greatest common divisor of 33 and v.
11
Let y(l) = -l**3 + 7*l**2 - 6*l + 3. Suppose -g = -4 - 0. Suppose 0 = -g*k, 5*z - 11 - 9 = 2*k. Let s be y(z). Calculate the highest common divisor of s and 3.
3
Suppose 5 + 39 = 2*t - 4*a, -4*a = -t + 14. Let i be (2/4)/(1/12). What is the highest common factor of t and i?
6
Suppose 5*k + 236 = i, -56 = k + 4*i - 2*i. Let a be (8 - 9)/(1/k). Suppose 5*b - 3*z - 53 = 1, 3*b - 26 = 5*z. What is the greatest common factor of a and b?
12
Suppose z - 8 + 2 = -2*d, 5*d + z = 9. Let i be 1/(d*1/77). Calculate the greatest common divisor of 7 and i.
7
Let a be (-5 - 12) + 0 + 2. Let z be (-4*a/(-1))/(-1). What is the greatest common factor of z and 40?
20
Suppose -5*s = 5*h - 140, 0 = -3*s + 2*h - 0*h + 104. Suppose 5*w - 324 = w. Let z = w + -1. What is the highest common factor of s and z?
16
Let k(u) be the first derivative of -3*u**2/2 - 7*u - 6. Let q be k(-4). What is the greatest common factor of 40 and q?
5
Let w(g) = g**3 + 5*g**2 - g. Let x be w(-5). Suppose -4*d = -2*s - 2*s - 64, 0 = -5*d - x*s + 60. What is the highest common divisor of d and 2?
2
Suppose u - 6*u + 65 = 0. Suppose -d = d - 78. What is the greatest common factor of u and d?
13
Suppose 24 = 3*x - 4*h, 5*h + 18 = 5*x - 17. Let r = 221 + -101. Let z = r - 76. Calculate the highest common divisor of x and z.
4
Let i(m) = m**2 + 7*m + 1. Let h be i(-7). Let v(f) = 6*f**2 - 1. Let j be v(h). What is the highest common factor of 15 and j?
5
Let n = -4 + 1. Let k(j) = 4*j**2 - 4*j. Let b be k(n). What is the greatest common factor of 16 and b?
16
Let b(a) = -a**2 + 18*a + 33. Let w be b(19). Calculate the greatest common divisor of 6 and w.
2
Suppose 0*x - 8 = -2*h + 3*x, -31 = -3*h - 5*x. Calculate the highest common factor of h and 56.
7
Let x(m) = 17*m - 2. Let z(j) = -1. Let o(p) = -x(p) - 2*z(p). Let t be o(-3). What is the highest common factor of 11 and t?
11
Let y be 45/(-10)*(-44)/6. Suppose 0 = -4*f + 93 - y. Calculate the greatest common divisor of 120 and f.
15
Let s = -14 + 23. Calculate the highest common divisor of s and 36.
9
Let d be (-35)/(-10) + (-2)/4. Let x(h) = 39*h**d + 5*h - 3*h - 4 + 3. Let a be x(1). Calculate the highest common divisor of a and 10.
10
Let o(r) = 8*r**2 + 3*r + 3. Let q be o(-3). What is the greatest common factor of q and 22?
22
Suppose 0*m + 69 = 3*p + 3*m, -3*p + 51 = -3*m. Let u(x) = x**3 - 8*x**2 - 10*x + 14. Let y be u(9). Calculate the greatest common divisor of y and p.
5
Let k = -5 - -13. Suppose 6*w = 4*w + k. Calculate the greatest common factor of 6 and w.
2
Let u(c) = -5*c**2 + 0 + 9*c**2 - 3*c - 2 - 3*c**2. Let m be u(5). Calculate the highest common divisor of 2 and m.
2
Let r = 76 + -20. What is the greatest common divisor of 14 and r?
14
Suppose -z - z = -18. Let n(l) = 4*l**2 - 3*l + 1. Let x be n(-3). Let i = x + z. Calculate the greatest common factor of 22 and i.
11
Let h be -1 - 1 - (-12)/3. Suppose -m - 10 = 5*q, h*q + 6 = -3*m - q. Suppose -2*b + m*b + 36 = 0. Calculate the greatest common divisor of b and 2.
2
Let c = 4 - -12. Suppose -2*y = -k - 222 - 125, -10 = -2*k. What is the greatest common divisor of y and c?
16
Suppose -2*g + 912 = 232. Let j be (-2 - 1)*g/(-15). Suppose -2 - j = -5*s. What is the highest common factor of 98 and s?
14
Suppose 0*n + n = -3*a + 46, 2*a + 5*n = 48. Calculate the greatest common diviso